{"id":220,"date":"2025-07-01T14:55:46","date_gmt":"2025-07-01T14:55:46","guid":{"rendered":"https:\/\/yailusttilus.es\/index.php\/producto\/cartera\/"},"modified":"2025-07-30T10:19:00","modified_gmt":"2025-07-30T10:19:00","slug":"cartera","status":"publish","type":"product","link":"https:\/\/yailusttilus.es\/index.php\/producto\/cartera\/","title":{"rendered":"cartera"},"content":{"rendered":"","protected":false},"excerpt":{"rendered":"<p>Descubre la cartera de mujer ideal: con pr\u00e1ctico cierre de bot\u00f3n, compartimentos para tarjetas, un espacio amplio para billetes enteros y un tama\u00f1o c\u00f3modo para llevarla siempre contigo<\/p>\n","protected":false},"featured_media":281,"comment_status":"open","ping_status":"closed","template":"","meta":[],"product_brand":[],"product_cat":[38],"product_tag":[],"class_list":{"0":"post-220","1":"product","2":"type-product","3":"status-publish","4":"has-post-thumbnail","6":"product_cat-cartera-mujer","8":"first","9":"instock","10":"shipping-taxable","11":"purchasable","12":"product-type-simple"},"_links":{"self":[{"href":"https:\/\/yailusttilus.es\/index.php\/wp-json\/wp\/v2\/product\/220","targetHints":{"allow":["GET"]}}],"collection":[{"href":"https:\/\/yailusttilus.es\/index.php\/wp-json\/wp\/v2\/product"}],"about":[{"href":"https:\/\/yailusttilus.es\/index.php\/wp-json\/wp\/v2\/types\/product"}],"replies":[{"embeddable":true,"href":"https:\/\/yailusttilus.es\/index.php\/wp-json\/wp\/v2\/comments?post=220"}],"wp:featuredmedia":[{"embeddable":true,"href":"https:\/\/yailusttilus.es\/index.php\/wp-json\/wp\/v2\/media\/281"}],"wp:attachment":[{"href":"https:\/\/yailusttilus.es\/index.php\/wp-json\/wp\/v2\/media?parent=220"}],"wp:term":[{"taxonomy":"product_brand","embeddable":true,"href":"https:\/\/yailusttilus.es\/index.php\/wp-json\/wp\/v2\/product_brand?post=220"},{"taxonomy":"product_cat","embeddable":true,"href":"https:\/\/yailusttilus.es\/index.php\/wp-json\/wp\/v2\/product_cat?post=220"},{"taxonomy":"product_tag","embeddable":true,"href":"https:\/\/yailusttilus.es\/index.php\/wp-json\/wp\/v2\/product_tag?post=220"}],"curies":[{"name":"wp","href":"https:\/\/api.w.org\/{rel}","templated":true}]}}