{"id":221,"date":"2025-07-01T14:55:46","date_gmt":"2025-07-01T14:55:46","guid":{"rendered":"https:\/\/yailusttilus.es\/index.php\/producto\/cartera-fiesta-6-50\/"},"modified":"2025-07-30T10:19:01","modified_gmt":"2025-07-30T10:19:01","slug":"cartera-fiesta-6-50","status":"publish","type":"product","link":"https:\/\/yailusttilus.es\/index.php\/producto\/cartera-fiesta-6-50\/","title":{"rendered":"cartera fiesta 6.50"},"content":{"rendered":"","protected":false},"excerpt":{"rendered":"<p>Elegante cartera de fiesta negra con cierre seguro, un tama\u00f1o ideal para llevar tu m\u00f3vil, algo de maquillaje y documentaci\u00f3n<\/p>\n","protected":false},"featured_media":282,"comment_status":"open","ping_status":"closed","template":"","meta":[],"product_brand":[],"product_cat":[38],"product_tag":[],"class_list":{"0":"post-221","1":"product","2":"type-product","3":"status-publish","4":"has-post-thumbnail","6":"product_cat-cartera-mujer","8":"first","9":"instock","10":"shipping-taxable","11":"purchasable","12":"product-type-simple"},"_links":{"self":[{"href":"https:\/\/yailusttilus.es\/index.php\/wp-json\/wp\/v2\/product\/221","targetHints":{"allow":["GET"]}}],"collection":[{"href":"https:\/\/yailusttilus.es\/index.php\/wp-json\/wp\/v2\/product"}],"about":[{"href":"https:\/\/yailusttilus.es\/index.php\/wp-json\/wp\/v2\/types\/product"}],"replies":[{"embeddable":true,"href":"https:\/\/yailusttilus.es\/index.php\/wp-json\/wp\/v2\/comments?post=221"}],"wp:featuredmedia":[{"embeddable":true,"href":"https:\/\/yailusttilus.es\/index.php\/wp-json\/wp\/v2\/media\/282"}],"wp:attachment":[{"href":"https:\/\/yailusttilus.es\/index.php\/wp-json\/wp\/v2\/media?parent=221"}],"wp:term":[{"taxonomy":"product_brand","embeddable":true,"href":"https:\/\/yailusttilus.es\/index.php\/wp-json\/wp\/v2\/product_brand?post=221"},{"taxonomy":"product_cat","embeddable":true,"href":"https:\/\/yailusttilus.es\/index.php\/wp-json\/wp\/v2\/product_cat?post=221"},{"taxonomy":"product_tag","embeddable":true,"href":"https:\/\/yailusttilus.es\/index.php\/wp-json\/wp\/v2\/product_tag?post=221"}],"curies":[{"name":"wp","href":"https:\/\/api.w.org\/{rel}","templated":true}]}}