{"id":305,"date":"2025-07-07T14:17:07","date_gmt":"2025-07-07T14:17:07","guid":{"rendered":"https:\/\/yailusttilus.es\/index.php\/producto\/egeo-bomb-black\/"},"modified":"2025-07-30T10:19:03","modified_gmt":"2025-07-30T10:19:03","slug":"egeo-bomb-black","status":"publish","type":"product","link":"https:\/\/yailusttilus.es\/index.php\/producto\/egeo-bomb-black\/","title":{"rendered":"egeo Bomb Black"},"content":{"rendered":"","protected":false},"excerpt":{"rendered":"<p>En resumen, es un perfume que busca ser una \u00abbomba\u00bb sensorial, con un contraste entre lo fresco y lo dulce\/sensual, dise\u00f1ado para la noche o para ocasiones especiales donde se quiera dejar una impresi\u00f3n memorable.Este perfume de origem BRAsile\u00f1o se comercializa por encargo<\/p>\n","protected":false},"featured_media":306,"comment_status":"open","ping_status":"closed","template":"","meta":[],"product_brand":[],"product_cat":[36],"product_tag":[],"class_list":{"0":"post-305","1":"product","2":"type-product","3":"status-publish","4":"has-post-thumbnail","6":"product_cat-perfumes","8":"first","9":"instock","10":"shipping-taxable","11":"purchasable","12":"product-type-simple"},"_links":{"self":[{"href":"https:\/\/yailusttilus.es\/index.php\/wp-json\/wp\/v2\/product\/305","targetHints":{"allow":["GET"]}}],"collection":[{"href":"https:\/\/yailusttilus.es\/index.php\/wp-json\/wp\/v2\/product"}],"about":[{"href":"https:\/\/yailusttilus.es\/index.php\/wp-json\/wp\/v2\/types\/product"}],"replies":[{"embeddable":true,"href":"https:\/\/yailusttilus.es\/index.php\/wp-json\/wp\/v2\/comments?post=305"}],"wp:featuredmedia":[{"embeddable":true,"href":"https:\/\/yailusttilus.es\/index.php\/wp-json\/wp\/v2\/media\/306"}],"wp:attachment":[{"href":"https:\/\/yailusttilus.es\/index.php\/wp-json\/wp\/v2\/media?parent=305"}],"wp:term":[{"taxonomy":"product_brand","embeddable":true,"href":"https:\/\/yailusttilus.es\/index.php\/wp-json\/wp\/v2\/product_brand?post=305"},{"taxonomy":"product_cat","embeddable":true,"href":"https:\/\/yailusttilus.es\/index.php\/wp-json\/wp\/v2\/product_cat?post=305"},{"taxonomy":"product_tag","embeddable":true,"href":"https:\/\/yailusttilus.es\/index.php\/wp-json\/wp\/v2\/product_tag?post=305"}],"curies":[{"name":"wp","href":"https:\/\/api.w.org\/{rel}","templated":true}]}}